ivided by u.
7
Let k = -10 - -4. Let o(z) = 2*z**2 + 7*z - 8. Suppose 2*g - 40 = -3*g. Calculate the remainder when o(k) is divided by g.
6
Let l = -40 + 54. What is the remainder when 20 is divided by l?
6
Let v = 35 - 22. Calculate the remainder when v is divided by 5.
3
Let q(t) = t**2 + 2. Let n be q(0). Suppose 12 = -4*u + 5*w + 35, n*u + 3*w = -5. What is the remainder when u is divided by 2?
0
Let r = 24 + -13. What is the remainder when 32 is divided by r?
10
Let l(i) = -i**3 + 11*i**2 + 14*i - 15. Let s = 33 + -17. What is the remainder when s is divided by l(12)?
7
Let t(x) = -30*x - 42. What is the remainder when t(-3) is divided by 28?
20
Let f(z) = -z**2 - 7*z - 4. Suppose 0 = -w - 0*w - 3. Let m(x) = 24*x**3 - x. Calculate the remainder when m(1) is divided by f(w).
7
Suppose -4*q + 4*p - p + 81 = 0, 0 = p + 3. Calculate the remainder when q is divided by 7.
4
Suppose 0*k = 5*k - 85. Suppose -4 = -4*m - 0. Let q = m - -8. What is the remainder when k is divided by q?
8
Let r(h) = -3*h - 6. Let d be r(-5). Suppose -2*o = -o - d. What is the remainder when 17 is divided by o?
8
Suppose 7*y = 8*y - 65. Calculate the remainder when y is divided by 22.
21
Suppose -5*d + 385 = -0*d. What is the remainder when d is divided by 40?
37
Let z(r) = 3*r**2 + r + 9. Suppose 0 = 2*v + 2*v - 20. Calculate the remainder when z(0) is divided by v.
4
What is the remainder when 85 is divided by (5 + -7)/(1/(-11))?
19
Let s = -6 + 2. Let c(r) = -2*r - 5. Calculate the remainder when 0 - -1 - (1 - (-20)/(-5)) is divided by c(s).
1
Let k be 32/18 + (-6)/(-27). Let y(d) = 6*d**2 - 2*d - 2. Calculate the remainder when y(k) is divided by 10.
8
Let v = 187 - 126. What is the remainder when v is divided by 9?
7
Suppose 0 = -5*g + y + 2*y + 486, -3*g = y - 286. Calculate the remainder when g is divided by 14.
12
Let r = -5 + 8. Let j be ((-4)/r)/(6/(-9)). Suppose -25 = -j*d + 13. Calculate the remainder when d is divided by 11.
8
Let a(q) = q**3 - 4*q**2 - 2. What is the remainder when 43 is divided by a(5)?
20
Let r = 10 - 8. Suppose 0*j = -3*j - 2*s + 42, -3*s = r*j - 33. What is the remainder when 47 is divided by j?
11
Suppose -81 = 10*q - 19*q. Let c(s) = -2*s**2 - s**2 + 4*s**2. What is the remainder when c(4) is divided by q?
7
Let f = 130 - 64. Calculate the remainder when f is divided by 17.
15
Let h(v) = -v**2 - 11*v + 5. Let y be h(-11). Suppose 6*q - 2*q = 0. Suppose c - 8 - 2 = -5*f, q = -y*c - 25. What is the remainder when f is divided by 2?
1
Let n = 17 + -15. Suppose -5*o = n*i - 32, 2*o - 12 = -2*i + i. Calculate the remainder when 21 is divided by o.
5
Let g(o) = o**3 - 4*o**2 + 2*o - 6. Let v be g(4). Suppose -b + 60 = -w + 12, 5*b = 4*w + 245. What is the remainder when b is divided by (2 - (v - 18))*1?
17
Let p(l) = 28*l**2 + 6*l - 7. Calculate the remainder when p(2) is divided by 41.
35
Let r be -1*4/6*3. Let x = 7 + r. Let p(v) = v**2 + 4. What is the remainder when p(-3) is divided by x?
3
Suppose -3*w + 1 - 7 = -5*p, 5*p - 4*w - 8 = 0. Let y = 2 - p. Calculate the remainder when 5 is divided by y.
1
Let t(c) = 20*c + 1. What is the remainder when t(2) is divided by 15?
11
Suppose -s - 112 = -5*q + 48, 0 = -4*q + s + 128. Let v = 26 + -15. What is the remainder when q is divided by v?
10
Let g(j) = -j**3 - j**2 + j - 1967. Let y be g(0). Let x be y/(-42) + (-1)/(-6). Let a = x + -28. What is the remainder when a is divided by 11?
8
Let s(h) = h**3 - 5*h**2 + 6*h - 5. Let n be s(4). Let a = n + 12. Calculate the remainder when 42 is divided by a.
12
Let q = -87 + 148. What is the remainder when q is divided by 7?
5
Suppose -36 = 22*z - 25*z. Calculate the remainder when 80 is divided by z.
8
Let y(a) = a**2 - 3*a + 6. What is the remainder when 15 is divided by y(3)?
3
Suppose -3*s + 3 = -0. What is the remainder when s is divided by 1?
0
Let d = 44 + 1. What is the remainder when d is divided by 12?
9
Let x be 508/18 - (-8)/(-36). Suppose 0 = -4*s + x + 76. Calculate the remainder when s is divided by 7.
5
Let v be (-384)/27 + 2/9. Let f = -10 - v. Calculate the remainder when 15 is divided by f.
3
Let p be (-3 - 0)*20/15. Let m be -1*(3 - (0 - p)). Let j = m - -3. Calculate the remainder when 6 is divided by j.
2
Let z(v) = v**3 - 9*v**2 + 20*v + 3. What is the remainder when 59 is divided by z(6)?
14
Let i = 108 + -86. What is the remainder when 241 is divided by i?
21
Let f = -19 + 43. What is the remainder when 94 is divided by f?
22
Suppose 254 = 6*d + 20. What is the remainder when d is divided by 8?
7
Let p = -26 - -50. Let r = 35 - p. What is the remainder when 19 is divided by r?
8
Let g(t) = t + 2. Let d be g(-6). Calculate the remainder when 47 is divided by ((-40)/12)/(d/30).
22
Let a be 30/(-42) - 2/7. What is the remainder when 22 is divided by (-246)/(-30) + a/5?
6
Suppose -a = 4*r - 14, -r + 6*r = 5*a - 20. Let y = 5 + a. Suppose -2*m + y + 33 = 0. Calculate the remainder when m is divided by 12.
10
Let c = -237 + 265. Suppose 0*x + x = 0. Calculate the remainder when c is divided by (x + 13)/1 - -2.
13
Let s(l) = 9*l**2 + 5*l - 6. Let z be s(5). Suppose -5*n - 3*t = -z, 2*t - 12 = -2*t. Let v = n - 31. Calculate the remainder when v is divided by 6.
4
Let m(j) = 4*j - 4. Let b be m(-5). Let d = -9 - b. What is the remainder when (30/20)/(6/176) is divided by d?
14
Let c(y) = -y**3 - 13*y**2 - 15*y - 16. What is the remainder when 77 is divided by c(-12)?
17
Suppose -5*n + 5*g + 15 = 0, -2*n + g = -2*g - 6. Let j(t) = 2*t**3 - t**2 - 3*t + 2. What is the remainder when j(2) is divided by n/2*(5 + -3)?
2
What is the remainder when 154 is divided by 26/4 + -6 - 77/(-2)?
37
Let y(t) = -t**3 - 13*t**2 - 4*t - 3. Calculate the remainder when y(-13) is divided by 10.
9
Suppose -80 = -5*r + 5*n, -5*n + 16 = -n. Let a be 10/(-6) + 1/(-3). What is the remainder when r is divided by (11/(-3))/(a/6)?
9
Suppose 105 = h + 14*h. Calculate the remainder when 17 is divided by h.
3
Let p be (6/4)/(3/4). Suppose 0 = -5*w - g + 64, -p*g = -g - 4. What is the remainder when w is divided by 7?
5
Suppose 3*h = u - 41 - 61, 5*u - 554 = 4*h. Suppose u = z + z. What is the remainder when z is divided by 15?
12
Let j(k) = -k - 2. What is the remainder when j(-9) is divided by 4?
3
Let w(t) be the first derivative of 5*t**3 + t**2 + 1. Suppose 4*h - 66 = -5*o, 2*h - 44 = -0*h + 3*o. Calculate the remainder when w(-2) is divided by h.
18
Suppose 0 = 2*l + 4*l - 48. Calculate the remainder when 13 is divided by l.
5
Let i be (-99)/(-9) + 2 + -1. Suppose w + 4*g = -2*w + 53, 3*g + i = 0. What is the remainder when w is divided by 13?
10
Let t = 58 + -20. Calculate the remainder when t is divided by 10.
8
Suppose 40 = 5*b - 5. Let y = b - 3. Let z(r) = -r**3 - 9*r**2 - 2*r - 7. Calculate the remainder when z(-9) is divided by y.
5
Suppose 2*x = -2*x + 164. What is the remainder when x is divided by 11?
8
Suppose 43 + 27 = 5*h + 5*q, -80 = -5*h + 5*q. Suppose -b - h = -2*b. Suppose -3*y + 9 = -b. Calculate the remainder when 14 is divided by y.
6
Calculate the remainder when 47 is divided by 3 + 23/(-3 - (-1 - 3)).
21
Let c = -58 - -99. Suppose 6 = 6*t - 3*t. Suppose -t*y + 14 = -y. Calculate the remainder when c is divided by y.
13
Let d(i) = i + 32. What is the remainder when 50 is divided by d(-18)?
8
Let u = 26 - 7. What is the remainder when 50 is divided by u?
12
Suppose 7 = m - 15. Suppose -3*z - 6 = 3. Calculate the remainder when m is divided by ((-6)/(-5))/(z/(-20)).
6
Calculate the remainder when (-6)/21 + 848/84*3 is divided by 6.
0
Let q(f) = f + 5. Let p be q(-5). Let w(i) = i + 20. What is the remainder when w(p) is divided by 7?
6
Suppose 2*i - 53 = i. Let y = -156 + 170. What is the remainder when i is divided by y?
11
What is the remainder when 1 + 159*4/12 is divided by 11?
10
Suppose 55 = 2*o - 51. Suppose -f = 5*l + f - o, 3*f = 3*l - 15. What is the remainder when 33 is divided by l?
6
Let y = 21 + 0. Let a = -16 + 27. What is the remainder when y is divided by a?
10
Let z(t) = t**2 + 3*t + 6. What is the remainder when 62 is divided by z(-5)?
14
Let w = -8 - -5. Let a = -1 - w. Suppose 0 = -5*z + a + 73. Calculate the remainder when z is divided by 8.
7
Let a = -4 + 10. Calculate the remainder when (2 + -3)/(3/(-51)) is